What is the units digit of h?
7
Let a(q) be the second derivative of 5*q**3/6 + 3*q**2/2 + 5*q. Let m be a(4). Suppose -3*n - 2*n + 63 = -2*l, -3*l = -2*n + m. What is the tens digit of n?
1
Suppose -3*c = -2*c + y - 7, 2*y + 10 = 4*c. Suppose 2*d - 21 = -d - c*x, -3*d = -4*x - 45. What is the units digit of d?
1
What is the tens digit of (2975/4)/5 + (-2)/(-8)?
4
Let o(m) = 2*m**2 + 1. Let p be o(1). Suppose -3*t - 3 - p = 0. What is the units digit of 1/t*(-39 - -5)?
7
Suppose 16*f - 23*f = -1204. What is the units digit of f?
2
Let y(w) = 3*w**2 + 2*w - 1. Let m be y(1). Suppose 0 = -3*i - t - m*t + 40, -76 = -5*i + t. What is the tens digit of i?
1
Let s(h) = -h**2 - 10*h - 9. Suppose -21 - 3 = 3*m. What is the units digit of s(m)?
7
Suppose -r - r - 2 = -2*q, -2*q = -r - 5. Suppose -2*d = q*p - 28, -4*p = -6*p + 3*d + 30. What is the units digit of p?
9
Suppose 0 = 3*v - v - 412. What is the hundreds digit of v?
2
Suppose 131 + 34 = 5*l. What is the tens digit of l?
3
Let q be ((-2)/(-6))/(1/27). Let s = -2 + q. Let d = 14 - s. What is the units digit of d?
7
Suppose 0 = -2*c - 3*c. Suppose -5*f + 22 = 3*a, c = 3*f - a - 3*a - 19. Let t = f + -1. What is the units digit of t?
4
Let l(o) = -2*o - 7. Let x be l(-5). Suppose 3*a = x*f - 2*f + 20, 5 = -a - 2*f. What is the units digit of a?
5
Let i be 0/(4 + -2 - 3). Suppose i = -b - 0*b + 23. What is the units digit of b?
3
Suppose 3*a - 4*f = 1 - 18, 3*a - 23 = -4*f. What is the units digit of 7/((a + 1)/2)?
7
Suppose -7*s = -653 - 222. What is the tens digit of s?
2
Let d be 14*1 + (-1 - 0). Suppose 0*h + d = h. What is the units digit of h?
3
Suppose 4*o + 272 = 2*m, -m + 1 + 3 = 0. What is the units digit of (-1)/(-1 + o/(-68))?
4
Suppose 26 = 10*j - 8*j. What is the units digit of j?
3
Let x(k) = -2*k**2 - 8*k - 2. Let o(p) = -5*p**2 - 17*p - 5. Let i be 1/(0 - (-3)/9). Let v(m) = i*o(m) - 7*x(m). What is the units digit of v(4)?
3
Let m(y) = y**3 + 14*y**2 + 18*y + 9. Let j be m(-13). Let s = j - -102. What is the units digit of s?
6
Suppose 5*s = c + 53, -s + c - 5 = 6*c. What is the tens digit of s?
1
What is the hundreds digit of ((-2880)/75)/(3/(-20))?
2
Let g(f) = -f**3 + 5*f**2 - 3*f - 4. Suppose 0 = -2*n + 2 + 4. What is the units digit of g(n)?
5
Suppose -2*p - 16 = -5*f, 4*f = -p - 0*p + 5. Suppose -f*g = -3*g + 27. What is the tens digit of g?
2
Let n be ((-7)/(-2))/((-2)/4). Let t(y) = -y**2 - 6*y - 10. Let i be t(n). Let b = i + 27. What is the units digit of b?
0
Suppose -31 = -2*s + w, 3*s - s + 5*w - 49 = 0. What is the tens digit of s?
1
Let l = 86 + 57. What is the units digit of l?
3
Let i be 1*-1 + 16 + -4. Let w = -6 + i. Suppose 0*c + 15 = w*c. What is the units digit of c?
3
Suppose 0 = -3*b + 465 + 168. What is the units digit of b?
1
Suppose -5*w + 12 = -w. Let v = 9 + w. Let a = -7 + v. What is the units digit of a?
5
Let d = 77 + -46. What is the units digit of d?
1
Suppose 0 = 5*n - 85 - 5. Let m = -7 + n. Let p = 16 - m. What is the units digit of p?
5
Suppose -9 = -2*d + 3*l, -d + 6 = 2*d + 3*l. What is the units digit of d?
3
Let a(r) = -r**3 - 8*r**2 + 6*r - 2. Let c be 36/2*5/(-10). What is the units digit of a(c)?
5
Suppose -4*l + 287 = 5*f, 2*f + 2*f + l - 234 = 0. What is the units digit of f?
9
Suppose -5*m + 2*s = -s - 12, -s = -1. Suppose m = o - 0. What is the units digit of o?
3
Let x(k) = 8*k - 3. Let g be x(5). Suppose 4*y = 5*y - g. What is the tens digit of y?
3
Let f be 5/(-25) - 232/(-10). Let h = f - 4. What is the units digit of h?
9
Suppose 7*k - 3*k = 40. Let y = k - 0. Suppose o - y - 10 = 0. What is the tens digit of o?
2
Suppose -2*c = -5*c. Suppose c = 3*d - 7*d + 8. What is the units digit of (2 - 3/d)*8?
4
Let n(t) be the second derivative of t**7/840 + t**5/120 - t**4/24 - t**3/3 + t. Let q(z) be the second derivative of n(z). What is the units digit of q(2)?
9
Let o(d) = -11*d + 15. What is the units digit of o(-4)?
9
Let m(a) = 3*a**2 - 10*a - 6. What is the units digit of m(8)?
6
Suppose 60*v = 56*v + 368. What is the tens digit of v?
9
Let h(o) = -37*o**3 - o**2 + o + 1. What is the units digit of h(-1)?
6
Let s(n) = -n**2 - n + 6. What is the units digit of s(0)?
6
Suppose 15 = -g - 4*g, 3*g + 4 = v. Let c be ((-9)/v)/((-6)/(-20)). Suppose 5*s - 4*l = c + 8, -2*s = -4*l + 4. What is the units digit of s?
6
Let i = 12 + -12. Suppose -5*v + 38 = -i*s + 2*s, 0 = -3*v + 2*s + 10. What is the units digit of v?
6
What is the units digit of (-2 + -1)/((-3)/98)?
8
Suppose 3*q + 2*q = 0. What is the units digit of (-2)/7*(-7 + q)?
2
Let h = -15 - -2. Let i = 23 + h. What is the units digit of i?
0
Suppose -2*o - 2 = -4*o. What is the tens digit of 0 - (-28 - (o + -2))?
2
Let c = 0 + 2. Let p be (-57)/c*(-2)/3. Suppose -t - 26 = -3*r, 68 = 5*r + 4*t + p. What is the units digit of r?
9
Let v(c) = -c**3 + 9*c**2 + 9. Let u be v(9). Suppose -5*a + 6 = -u. What is the units digit of a?
3
Let n = -8 + 14. What is the units digit of n?
6
Let n(y) = y**2 - 4. Let m be n(-3). What is the units digit of m/20 - (-7)/4?
2
Let z(g) = -g**3 + 11*g**2 + 3. Let d be z(11). Suppose -6 = -d*u + 42. What is the tens digit of u?
1
Let i(f) = 10 + 6*f**2 - 8*f + 0*f**2 - 5*f**2. What is the units digit of i(8)?
0
Suppose 2*z = -2*q - 0*q + 14, -q + 2 = 0. Suppose 2*j = 3*a + a - 54, -66 = -z*a + 3*j. What is the tens digit of a?
1
Suppose 4*d = -4*n - n + 160, -2*d + n + 80 = 0. What is the tens digit of d?
4
Let u = -21 - -21. Suppose u = 2*x - x - 22. What is the units digit of x?
2
Let j be (-3 - -1)*(-3)/(-6). Let v(p) = -p - 1. Let w be v(j). Let o = 8 + w. What is the units digit of o?
8
Let v(b) = b**2 - 4*b. Let d be v(3). What is the units digit of 5/(d + (-48)/(-15))?
5
Suppose o - 3*q - 65 = 0, 3*o - 3*q = 204 - 33. What is the units digit of o?
3
Let t be 6/(2 + -2 + 1). Let c = t - 9. What is the units digit of ((-2)/c)/((-8)/(-108))?
9
Suppose -4*m = -2*o - 28 + 8, 4*m + o = 32. Let c = 9 - m. Suppose -4*z + 2*z = -c. What is the units digit of z?
1
Let c be -1*4*2/(-4). What is the units digit of c - (-1 - -1) - -18?
0
What is the hundreds digit of (1 + -4 - -2)*-147?
1
Let a be -2 + 0 - (-3 + 0). Suppose 13 + a = b. What is the tens digit of b?
1
Let c be (3 + -1)*(2 + -3). Let l be 15/(-10)*1*c. Suppose 0 = -l*y + 6*y - 48. What is the units digit of y?
6
Let o(m) = -8*m**3 + 10*m**2 + 16*m + 38. Let l(j) = 3*j**3 - 3*j**2 - 5*j - 13. Let b(r) = -11*l(r) - 4*o(r). What is the units digit of b(-6)?
9
Let c(l) = -10*l + 11. What is the units digit of c(-5)?
1
Let a = -7 - -7. Let i = a - -9. What is the units digit of i?
9
Let m(t) = t**3 - 6*t**2 - t - 1. Suppose -1 - 19 = 5*g, 2*g + 2 = -v. Let l be m(v). What is the units digit of -1 + 0 - l - -3?
9
Suppose -3*r + 151 = -425. What is the units digit of r?
2
Suppose 0 = n - 3*q - 0*q - 125, 250 = 2*n + 5*q. What is the hundreds digit of n?
1
Let f be 118/(-6) - 2/6. Let b = -11 - f. What is the units digit of b?
9
Suppose 2*y - 5 = y. Let b be (-5 - -2)/(-3)*3. Suppose 0 = -y*h + 43 - b. What is the units digit of h?
8
Suppose -4*w + 3*d + 8 = -1, 2*d - 8 = -2*w. What is the units digit of (w - 5 - -3) + 3?
4
Let s = 27 + -41. Let b = 14 - s. Suppose 5*t - t = b. What is the units digit of t?
7
Let o = -319 - -572. What is the tens digit of o?
5
Suppose 2 = z + 3, -2*z + 13 = -5*o. Let g(b) = -b - 1. Let l be g(o). Suppose l = -d + 8. What is the units digit of d?
6
Suppose -27 = -2*c + 3*c. Let t be 6/c + (-38)/(-9). Suppose t*q + 3 - 2 = 5*o, 3*q = 5*o - 7. What is the units digit of q?
6
Suppose -3*b + 267 = 3*u - u, 438 = 5*b + u. What is the tens digit of b?
8
Let a(r) = 3*r - 1. Let u be a(-1). Let b = 1 - u. Suppose -c + 26 = c - 3*w, -39 = -b*c + w. What is the units digit of c?
7
Suppose 3*o + k - 277 = 2*k, 2*o - 5*k - 176 = 0. Let x = o - 54. What is the tens digit of x?
3
Suppose 2*k + 3*k = 5. Let t(f) = 20*f**3 + 2*f**2 - f. What is the tens digit of t(k)?
2
Let r(n) = -25*n + 4. What is the tens digit of r(-7)?
7
Let p = -557 - -827. What is the hundreds digit of p?
2
Let i(u) = u**2 - 2*u. Let d be i(2). Suppose -2*w + 3 - 1 = d. What is the units digit of (w/(-2))/(1/(-12))?
6
Let f = -25 + 49. What is the tens digit of f?
2
Suppose 3*r - 20 = -r. Suppose -17 = -r*